{"id":45,"date":"2024-08-31T18:30:10","date_gmt":"2024-08-31T16:30:10","guid":{"rendered":"https:\/\/aneri.isialab.it\/lungarno\/?page_id=45"},"modified":"2024-09-18T15:29:18","modified_gmt":"2024-09-18T13:29:18","slug":"pubblicita","status":"publish","type":"page","link":"https:\/\/aneri.isialab.it\/lungarno\/pubblicita\/","title":{"rendered":"Pubblicit\u00e0"},"content":{"rendered":"\n<div class=\"wp-block-uagb-container uagb-block-0b386fb9 alignfull uagb-is-root-container\">\n<div class=\"wp-block-uagb-container uagb-block-974e980d\">\n<div class=\"wp-block-uagb-container uagb-block-a80fbbb4\">\n<div class=\"wp-block-uagb-container uagb-block-4be23f09\">\n<div class=\"wp-block-uagb-advanced-heading uagb-block-33da2e15\"><h3 class=\"uagb-heading-text\">PUBBLICIT\u00c0? NOI LE CHIAMIAMO STORIE.<\/h3><\/div>\n<\/div>\n<\/div>\n<\/div>\n<\/div>\n\n\n\n<div class=\"wp-block-uagb-container uagb-block-ce5d75a5 alignfull uagb-is-root-container\"><div class=\"uagb-container-inner-blocks-wrap\">\n<div class=\"wp-block-uagb-container uagb-block-f6a20867\">\n<div class=\"wp-block-uagb-container uagb-block-aa80579f\">\n<div class=\"wp-block-uagb-advanced-heading uagb-block-1f7c1cb6\"><h4 class=\"uagb-heading-text\">SCRIVI LA TUA STORIA <span style=\"text-decoration: underline;\">INSIEME<\/span> A NOI<\/h4><\/div>\n<\/div>\n\n\n\n<div class=\"wp-block-group is-nowrap is-layout-flex wp-container-core-group-is-layout-6c531013 wp-block-group-is-layout-flex\">\n<div class=\"wp-block-uagb-container uagb-block-8f375304\">\n<p>La redazione di Lungarno \u00e8 composta da un team di professionist* della comunicazione, della scrittura e dell&#8217;immagine. Se hai una storia da far emergere, uno spazio da raccontare, una novit\u00e0 da rivelare&#8230;sei nel posto giusto! Possiamo offrirti una media partnership, curare la comunicazione del tuo progetto, scrivere articoli e approfondimenti usando le parole che non avevi ancora trovato.<\/p>\n<\/div>\n\n\n\n<div class=\"wp-block-uagb-container uagb-block-8d3a5a3c\">\n<div class=\"wp-block-uagb-advanced-heading uagb-block-ec8dd686\"><h3 class=\"uagb-heading-text\">ogni storia ha bisogno <br>di qualcun* che la <br>sappia <span style=\"text-decoration: underline;\">raccontare<\/span><\/h3><\/div>\n<\/div>\n<\/div>\n<\/div>\n\n\n\n<div class=\"wp-block-uagb-container uagb-block-483731eb\">\n<div class=\"wp-block-uagb-container uagb-block-6bcbc7cc\">\n<div class=\"wp-block-uagb-advanced-heading uagb-block-ed41f018\"><h4 class=\"uagb-heading-text\">SCRIVI LA TUA STORIA SULLA <span style=\"text-decoration: underline;\">CARTA<\/span><\/h4><\/div>\n<\/div>\n\n\n\n<div class=\"wp-block-group is-nowrap is-layout-flex wp-container-core-group-is-layout-6c531013 wp-block-group-is-layout-flex\">\n<div class=\"wp-block-uagb-container uagb-block-98e8e473\">\n<div class=\"wp-block-uagb-advanced-heading uagb-block-076290c1\"><h3 class=\"uagb-heading-text\">5000 copie ogni mese<br>300 punti di distribuzione<br>30 pagine di storie<\/h3><\/div>\n<\/div>\n\n\n\n<div class=\"wp-block-uagb-container uagb-block-8be197e9\">\n<p>Dal 2011, raccontiamo la storia di progetti, presidi culturali, eventi e rassegne, associazioni appena nate. Lo facciamo a Firenze, una &#8220;citt\u00e0-vetrina&#8221; che dietro quel vetro lucidato nasconde molto di pi\u00f9. Lo facciamo con la distribuzione del nostro mensile gratuito in oltre 300 spazi del capoluogo toscano. Lo facciamo con le nostre 5000 copie che troverai nei posti giusti della citt\u00e0 (a meno che non siano gi\u00e0 andate a ruba, <em>c&#8217;est la vie!<\/em>)<\/p>\n<\/div>\n<\/div>\n<\/div>\n\n\n\n<div class=\"wp-block-uagb-container uagb-block-438918d1 alignfull uagb-is-root-container\"><div class=\"uagb-container-inner-blocks-wrap\">\n<div class=\"wp-block-uagb-container uagb-block-9b528045\">\n<div class=\"wp-block-uagb-advanced-heading uagb-block-e0be8d99\"><h4 class=\"uagb-heading-text\">SCRIVI LA TUA STORIA SUI <span style=\"text-decoration: underline;\">SOCIAL<\/span><\/h4><\/div>\n<\/div>\n\n\n\n<div class=\"wp-block-group is-nowrap is-layout-flex wp-container-core-group-is-layout-6c531013 wp-block-group-is-layout-flex\">\n<div class=\"wp-block-uagb-container uagb-block-4df2d275\">\n<p>I social ci piacciono e piacciono anche al nostro pubblico! Pubblichiamo ogni giorno contenuti, articoli, segnalazioni di eventi, reel, scatti realizzati in citt\u00e0. La nostra pagina IG conta oltre 16.000 follower, quella FB arriva a pi\u00f9 di 18.000. La nostra diffusione capillare in citt\u00e0 si abbina a una copertura mediatica da paura. Come avrai intuito, anche i nostri social hanno una programmazione editoriale estremamente curata e con la tua storia, puoi entrare anche tu a farne parte!<\/p>\n<\/div>\n\n\n\n<div class=\"wp-block-uagb-container uagb-block-a522c5bf\">\n<div class=\"wp-block-uagb-advanced-heading uagb-block-496b9b53\"><h3 class=\"uagb-heading-text\">16.600 follower<br>+50.000 visualizzazioni <br>ogni mese<\/h3><\/div>\n<\/div>\n<\/div>\n<\/div><\/div>\n<\/div><\/div>\n\n\n\n<div class=\"wp-block-uagb-container uagb-block-08507461 alignfull uagb-is-root-container\"><div class=\"uagb-container-inner-blocks-wrap\">\n<div class=\"wp-block-uagb-container uagb-block-3a4d5fa6\">\n<div class=\"wp-block-uagb-advanced-heading uagb-block-99054708\"><h2 class=\"uagb-heading-text\">Non ti abbiamo ancora convinto? <\/h2><\/div>\n\n\n\n<p class=\"has-text-align-center\">Contattaci, troveremo insieme l&#8217;offerta giusta per te!<br>Scrivi a <a href=\"mailto:adv@lungarnofirenze.it\" target=\"_blank\" rel=\"noreferrer noopener\">adv@lungarnofirenze.it<\/a> \ud83d\ude42<\/p>\n<\/div>\n<\/div><\/div>\n\n\n\n<p><\/p>\n","protected":false},"excerpt":{"rendered":"<p>PUBBLICIT\u00c0? NOI LE CHIAMIAMO STORIE. SCRIVI LA TUA STORIA INSIEME A NOI La redazione di Lungarno \u00e8 composta da un [&hellip;]<\/p>\n","protected":false},"author":1,"featured_media":0,"parent":0,"menu_order":0,"comment_status":"closed","ping_status":"closed","template":"","meta":{"_acf_changed":false,"inline_featured_image":false,"_uag_custom_page_level_css":"","site-sidebar-layout":"default","site-content-layout":"","ast-site-content-layout":"","site-content-style":"default","site-sidebar-style":"default","ast-global-header-display":"","ast-banner-title-visibility":"","ast-main-header-display":"","ast-hfb-above-header-display":"","ast-hfb-below-header-display":"","ast-hfb-mobile-header-display":"","site-post-title":"","ast-breadcrumbs-content":"","ast-featured-img":"","footer-sml-layout":"","theme-transparent-header-meta":"","adv-header-id-meta":"","stick-header-meta":"","header-above-stick-meta":"","header-main-stick-meta":"","header-below-stick-meta":"","astra-migrate-meta-layouts":"default","ast-page-background-enabled":"default","ast-page-background-meta":{"desktop":{"background-color":"var(--ast-global-color-4)","background-image":"","background-repeat":"repeat","background-position":"center center","background-size":"auto","background-attachment":"scroll","background-type":"","background-media":"","overlay-type":"","overlay-color":"","overlay-opacity":"","overlay-gradient":""},"tablet":{"background-color":"","background-image":"","background-repeat":"repeat","background-position":"center center","background-size":"auto","background-attachment":"scroll","background-type":"","background-media":"","overlay-type":"","overlay-color":"","overlay-opacity":"","overlay-gradient":""},"mobile":{"background-color":"","background-image":"","background-repeat":"repeat","background-position":"center center","background-size":"auto","background-attachment":"scroll","background-type":"","background-media":"","overlay-type":"","overlay-color":"","overlay-opacity":"","overlay-gradient":""}},"ast-content-background-meta":{"desktop":{"background-color":"var(--ast-global-color-5)","background-image":"","background-repeat":"repeat","background-position":"center center","background-size":"auto","background-attachment":"scroll","background-type":"","background-media":"","overlay-type":"","overlay-color":"","overlay-opacity":"","overlay-gradient":""},"tablet":{"background-color":"var(--ast-global-color-5)","background-image":"","background-repeat":"repeat","background-position":"center center","background-size":"auto","background-attachment":"scroll","background-type":"","background-media":"","overlay-type":"","overlay-color":"","overlay-opacity":"","overlay-gradient":""},"mobile":{"background-color":"var(--ast-global-color-5)","background-image":"","background-repeat":"repeat","background-position":"center center","background-size":"auto","background-attachment":"scroll","background-type":"","background-media":"","overlay-type":"","overlay-color":"","overlay-opacity":"","overlay-gradient":""}},"footnotes":""},"class_list":["post-45","page","type-page","status-publish","hentry"],"acf":[],"yoast_head":"<!-- This site is optimized with the Yoast SEO plugin v23.4 - https:\/\/yoast.com\/wordpress\/plugins\/seo\/ -->\n<title>Pubblicit\u00e0 - Lungarno Magazine<\/title>\n<meta name=\"robots\" content=\"index, follow, max-snippet:-1, max-image-preview:large, max-video-preview:-1\" \/>\n<link rel=\"canonical\" href=\"https:\/\/aneri.isialab.it\/lungarno\/pubblicita\/\" \/>\n<meta property=\"og:locale\" content=\"it_IT\" \/>\n<meta property=\"og:type\" content=\"article\" \/>\n<meta property=\"og:title\" content=\"Pubblicit\u00e0 - Lungarno Magazine\" \/>\n<meta property=\"og:description\" content=\"PUBBLICIT\u00c0? NOI LE CHIAMIAMO STORIE. SCRIVI LA TUA STORIA INSIEME A NOI La redazione di Lungarno \u00e8 composta da un [&hellip;]\" \/>\n<meta property=\"og:url\" content=\"https:\/\/aneri.isialab.it\/lungarno\/pubblicita\/\" \/>\n<meta property=\"og:site_name\" content=\"Lungarno Magazine\" \/>\n<meta property=\"article:publisher\" content=\"https:\/\/www.facebook.com\/lungarnofirenze\/\" \/>\n<meta property=\"article:modified_time\" content=\"2024-09-18T13:29:18+00:00\" \/>\n<meta name=\"twitter:card\" content=\"summary_large_image\" \/>\n<meta name=\"twitter:site\" content=\"@LungarnoFirenze\" \/>\n<meta name=\"twitter:label1\" content=\"Tempo di lettura stimato\" \/>\n\t<meta name=\"twitter:data1\" content=\"2 minuti\" \/>\n<script type=\"application\/ld+json\" class=\"yoast-schema-graph\">{\"@context\":\"https:\/\/schema.org\",\"@graph\":[{\"@type\":\"WebPage\",\"@id\":\"https:\/\/aneri.isialab.it\/lungarno\/pubblicita\/\",\"url\":\"https:\/\/aneri.isialab.it\/lungarno\/pubblicita\/\",\"name\":\"Pubblicit\u00e0 - Lungarno Magazine\",\"isPartOf\":{\"@id\":\"https:\/\/aneri.isialab.it\/lungarno\/#website\"},\"datePublished\":\"2024-08-31T16:30:10+00:00\",\"dateModified\":\"2024-09-18T13:29:18+00:00\",\"breadcrumb\":{\"@id\":\"https:\/\/aneri.isialab.it\/lungarno\/pubblicita\/#breadcrumb\"},\"inLanguage\":\"it-IT\",\"potentialAction\":[{\"@type\":\"ReadAction\",\"target\":[\"https:\/\/aneri.isialab.it\/lungarno\/pubblicita\/\"]}]},{\"@type\":\"BreadcrumbList\",\"@id\":\"https:\/\/aneri.isialab.it\/lungarno\/pubblicita\/#breadcrumb\",\"itemListElement\":[{\"@type\":\"ListItem\",\"position\":1,\"name\":\"Home\",\"item\":\"https:\/\/aneri.isialab.it\/lungarno\/\"},{\"@type\":\"ListItem\",\"position\":2,\"name\":\"Pubblicit\u00e0\"}]},{\"@type\":\"WebSite\",\"@id\":\"https:\/\/aneri.isialab.it\/lungarno\/#website\",\"url\":\"https:\/\/aneri.isialab.it\/lungarno\/\",\"name\":\"Lungarno Magazine\",\"description\":\"\",\"publisher\":{\"@id\":\"https:\/\/aneri.isialab.it\/lungarno\/#organization\"},\"potentialAction\":[{\"@type\":\"SearchAction\",\"target\":{\"@type\":\"EntryPoint\",\"urlTemplate\":\"https:\/\/aneri.isialab.it\/lungarno\/?s={search_term_string}\"},\"query-input\":{\"@type\":\"PropertyValueSpecification\",\"valueRequired\":true,\"valueName\":\"search_term_string\"}}],\"inLanguage\":\"it-IT\"},{\"@type\":\"Organization\",\"@id\":\"https:\/\/aneri.isialab.it\/lungarno\/#organization\",\"name\":\"Lungarno Magazine\",\"url\":\"https:\/\/aneri.isialab.it\/lungarno\/\",\"logo\":{\"@type\":\"ImageObject\",\"inLanguage\":\"it-IT\",\"@id\":\"https:\/\/aneri.isialab.it\/lungarno\/#\/schema\/logo\/image\/\",\"url\":\"https:\/\/aneri.isialab.it\/lungarno\/wp-content\/uploads\/2024\/08\/Lungarno-nero.png\",\"contentUrl\":\"https:\/\/aneri.isialab.it\/lungarno\/wp-content\/uploads\/2024\/08\/Lungarno-nero.png\",\"width\":563,\"height\":109,\"caption\":\"Lungarno Magazine\"},\"image\":{\"@id\":\"https:\/\/aneri.isialab.it\/lungarno\/#\/schema\/logo\/image\/\"},\"sameAs\":[\"https:\/\/www.facebook.com\/lungarnofirenze\/\",\"https:\/\/x.com\/LungarnoFirenze\",\"https:\/\/www.instagram.com\/lungarnofirenze\/\"]}]}<\/script>\n<!-- \/ Yoast SEO plugin. -->","yoast_head_json":{"title":"Pubblicit\u00e0 - Lungarno Magazine","robots":{"index":"index","follow":"follow","max-snippet":"max-snippet:-1","max-image-preview":"max-image-preview:large","max-video-preview":"max-video-preview:-1"},"canonical":"https:\/\/aneri.isialab.it\/lungarno\/pubblicita\/","og_locale":"it_IT","og_type":"article","og_title":"Pubblicit\u00e0 - Lungarno Magazine","og_description":"PUBBLICIT\u00c0? NOI LE CHIAMIAMO STORIE. SCRIVI LA TUA STORIA INSIEME A NOI La redazione di Lungarno \u00e8 composta da un [&hellip;]","og_url":"https:\/\/aneri.isialab.it\/lungarno\/pubblicita\/","og_site_name":"Lungarno Magazine","article_publisher":"https:\/\/www.facebook.com\/lungarnofirenze\/","article_modified_time":"2024-09-18T13:29:18+00:00","twitter_card":"summary_large_image","twitter_site":"@LungarnoFirenze","twitter_misc":{"Tempo di lettura stimato":"2 minuti"},"schema":{"@context":"https:\/\/schema.org","@graph":[{"@type":"WebPage","@id":"https:\/\/aneri.isialab.it\/lungarno\/pubblicita\/","url":"https:\/\/aneri.isialab.it\/lungarno\/pubblicita\/","name":"Pubblicit\u00e0 - Lungarno Magazine","isPartOf":{"@id":"https:\/\/aneri.isialab.it\/lungarno\/#website"},"datePublished":"2024-08-31T16:30:10+00:00","dateModified":"2024-09-18T13:29:18+00:00","breadcrumb":{"@id":"https:\/\/aneri.isialab.it\/lungarno\/pubblicita\/#breadcrumb"},"inLanguage":"it-IT","potentialAction":[{"@type":"ReadAction","target":["https:\/\/aneri.isialab.it\/lungarno\/pubblicita\/"]}]},{"@type":"BreadcrumbList","@id":"https:\/\/aneri.isialab.it\/lungarno\/pubblicita\/#breadcrumb","itemListElement":[{"@type":"ListItem","position":1,"name":"Home","item":"https:\/\/aneri.isialab.it\/lungarno\/"},{"@type":"ListItem","position":2,"name":"Pubblicit\u00e0"}]},{"@type":"WebSite","@id":"https:\/\/aneri.isialab.it\/lungarno\/#website","url":"https:\/\/aneri.isialab.it\/lungarno\/","name":"Lungarno Magazine","description":"","publisher":{"@id":"https:\/\/aneri.isialab.it\/lungarno\/#organization"},"potentialAction":[{"@type":"SearchAction","target":{"@type":"EntryPoint","urlTemplate":"https:\/\/aneri.isialab.it\/lungarno\/?s={search_term_string}"},"query-input":{"@type":"PropertyValueSpecification","valueRequired":true,"valueName":"search_term_string"}}],"inLanguage":"it-IT"},{"@type":"Organization","@id":"https:\/\/aneri.isialab.it\/lungarno\/#organization","name":"Lungarno Magazine","url":"https:\/\/aneri.isialab.it\/lungarno\/","logo":{"@type":"ImageObject","inLanguage":"it-IT","@id":"https:\/\/aneri.isialab.it\/lungarno\/#\/schema\/logo\/image\/","url":"https:\/\/aneri.isialab.it\/lungarno\/wp-content\/uploads\/2024\/08\/Lungarno-nero.png","contentUrl":"https:\/\/aneri.isialab.it\/lungarno\/wp-content\/uploads\/2024\/08\/Lungarno-nero.png","width":563,"height":109,"caption":"Lungarno Magazine"},"image":{"@id":"https:\/\/aneri.isialab.it\/lungarno\/#\/schema\/logo\/image\/"},"sameAs":["https:\/\/www.facebook.com\/lungarnofirenze\/","https:\/\/x.com\/LungarnoFirenze","https:\/\/www.instagram.com\/lungarnofirenze\/"]}]}},"uagb_featured_image_src":{"full":false,"thumbnail":false,"medium":false,"medium_large":false,"large":false,"1536x1536":false,"2048x2048":false},"uagb_author_info":{"display_name":"Maria Pia Cilenti","author_link":"https:\/\/aneri.isialab.it\/lungarno\/author\/maria-pia\/"},"uagb_comment_info":0,"uagb_excerpt":"PUBBLICIT\u00c0? NOI LE CHIAMIAMO STORIE. SCRIVI LA TUA STORIA INSIEME A NOI La redazione di Lungarno \u00e8 composta da un [&hellip;]","_links":{"self":[{"href":"https:\/\/aneri.isialab.it\/lungarno\/wp-json\/wp\/v2\/pages\/45","targetHints":{"allow":["GET"]}}],"collection":[{"href":"https:\/\/aneri.isialab.it\/lungarno\/wp-json\/wp\/v2\/pages"}],"about":[{"href":"https:\/\/aneri.isialab.it\/lungarno\/wp-json\/wp\/v2\/types\/page"}],"author":[{"embeddable":true,"href":"https:\/\/aneri.isialab.it\/lungarno\/wp-json\/wp\/v2\/users\/1"}],"replies":[{"embeddable":true,"href":"https:\/\/aneri.isialab.it\/lungarno\/wp-json\/wp\/v2\/comments?post=45"}],"version-history":[{"count":33,"href":"https:\/\/aneri.isialab.it\/lungarno\/wp-json\/wp\/v2\/pages\/45\/revisions"}],"predecessor-version":[{"id":1424,"href":"https:\/\/aneri.isialab.it\/lungarno\/wp-json\/wp\/v2\/pages\/45\/revisions\/1424"}],"wp:attachment":[{"href":"https:\/\/aneri.isialab.it\/lungarno\/wp-json\/wp\/v2\/media?parent=45"}],"curies":[{"name":"wp","href":"https:\/\/api.w.org\/{rel}","templated":true}]}}