{"id":38,"date":"2024-08-31T18:28:41","date_gmt":"2024-08-31T16:28:41","guid":{"rendered":"https:\/\/aneri.isialab.it\/lungarno\/?page_id=38"},"modified":"2024-09-19T07:53:13","modified_gmt":"2024-09-19T05:53:13","slug":"i-nostri-eventi","status":"publish","type":"page","link":"https:\/\/aneri.isialab.it\/lungarno\/i-nostri-eventi\/","title":{"rendered":"I nostri eventi"},"content":{"rendered":"\n<div class=\"wp-block-uagb-container uagb-block-b725dd9b alignfull uagb-is-root-container\">\n<div class=\"wp-block-uagb-container uagb-block-cfef1a9f alignfull uagb-is-root-container\">\n<div class=\"wp-block-uagb-advanced-heading uagb-block-e271df66\"><h1 class=\"uagb-heading-text\">A FIRENZE NON C\u2019\u00c8 MAI NIENTE DA FARE?<\/h1><\/div>\n<\/div>\n\n\n\n<div class=\"wp-block-uagb-container uagb-block-4afb32ff\">\n<div class=\"wp-block-uagb-advanced-heading uagb-block-74e35b73\"><h2 class=\"uagb-heading-text\">NON SOLO UN MAGAZINE!<\/h2><\/div>\n\n\n\n<div class=\"wp-block-uagb-container uagb-block-54e40da3\">\n<p>Lungarno non \u00e8 solo un magazine ma un presidio culturale vero e proprio. Certo, non abbiamo una sede e quindi la nostra realt\u00e0 \u00e8 nomade: giriamo tutti i posti pi\u00f9 vivaci della citt\u00e0 per organizzare i nostri eventi. Ogni mese proponiamo un focus diverso, con ospiti provenienti da tutta Italia e con la nostra redazione. \u00c8 un lavoro bellissimo, impegnativo e di grande soddisfazione. Ti va di aiutarci a organizzarne uno? Vuoi proporci una collaborazione?<\/p>\n<\/div>\n\n\n\n<div class=\"wp-block-uagb-advanced-heading uagb-block-ea380af2\"><h4 class=\"uagb-heading-text\"><a href=\"https:\/\/aneri.isialab.it\/lungarno\/contatti\/\">contattaci per collaborare\u2192<\/a><\/h4><\/div>\n<\/div>\n\n\n\n<div class=\"wp-block-uagb-container uagb-block-18a13496\"><div class='pt-cv-wrapper'> <h3 class='pt-cv-heading-container heading1' data-blockid='bn6kxxg1'><span class='pt-cv-heading'>  <\/span><\/h3><div class=\"pt-cv-view pt-cv-timeline iscvblock iscvreal timeline layout1\" id=\"pt-cv-view-bn6kxxg1\"><div class=\"tl-spine\"><a href=\"#\"><\/a><\/div>\n<div class=\"tl-items\">\n<div class=\"tl-item pt-left\"><div class=\"tl-item-content\"><i class=\"tl-pointer\"><\/i><div class=\" pt-cv-content-item pt-cv-1-col\"  data-pid=\"565\"><div class=\"pt-cv-thumb-wrapper  \"><a href=\"https:\/\/aneri.isialab.it\/lungarno\/eventi\/a-firenze-non-ce-mai-niente-da-fare\/\" class=\"_self pt-cv-href-thumbnail pt-cv-thumb-default\" target=\"_self\" ><img decoding=\"async\" width=\"768\" height=\"512\" src=\"https:\/\/aneri.isialab.it\/lungarno\/wp-content\/uploads\/2024\/09\/5-1-768x512.jpg\" class=\"pt-cv-thumbnail\" alt=\"cose da fare a Firenze\" \/><\/a><\/div>\n<h4 class=\"pt-cv-title\"><a href=\"https:\/\/aneri.isialab.it\/lungarno\/eventi\/a-firenze-non-ce-mai-niente-da-fare\/\" class=\"_self\" target=\"_self\" >A FIRENZE NON C&#8217;\u00c8 MAI NIENTE DA FARE?<\/a><\/h4>\n<div class=\"pt-cv-ctf-list\"><div class=\"pt-cv-custom-fields pt-cv-ctf-_data_inizio_evento\"><div class=\"pt-cv-ctf-value\">05\/07\/2024<\/div><\/div><div class=\"pt-cv-custom-fields pt-cv-ctf-_luogo_evento\"><div class=\"pt-cv-ctf-value\">SMS Rifredi, Firenze<\/div><\/div><\/div>\n<div class=\"pt-cv-meta-fields\"><span class=\"terms\"> <a href='https:\/\/aneri.isialab.it\/lungarno\/2024\/' title='2024' class='pt-cv-tax-2024'>2024<\/a><\/span><span> | <\/span><span class=\"author\"> <a href=\"https:\/\/aneri.isialab.it\/lungarno\/author\/asia\/\" rel=\"author\">Asia Neri<\/a><\/span><\/div><\/div><\/div><\/div>\n<div class=\"tl-item pt-right\"><div class=\"tl-item-content\"><i class=\"tl-pointer\"><\/i><div class=\" pt-cv-content-item pt-cv-1-col\"  data-pid=\"85\"><div class=\"pt-cv-thumb-wrapper  \"><a href=\"https:\/\/aneri.isialab.it\/lungarno\/eventi\/presentazione-giugno-2024\/\" class=\"_self pt-cv-href-thumbnail pt-cv-thumb-default\" target=\"_self\" ><img decoding=\"async\" width=\"768\" height=\"500\" src=\"https:\/\/aneri.isialab.it\/lungarno\/wp-content\/uploads\/2024\/09\/homepage_web-768x500.jpg\" class=\"pt-cv-thumbnail\" alt=\"cosa fare firenze lungarno giugno 2024\" \/><\/a><\/div>\n<h4 class=\"pt-cv-title\"><a href=\"https:\/\/aneri.isialab.it\/lungarno\/eventi\/presentazione-giugno-2024\/\" class=\"_self\" target=\"_self\" >A FIRENZE NON C&#8217;\u00c8 MAI NIENTE DA FARE?<\/a><\/h4>\n<div class=\"pt-cv-ctf-list\"><div class=\"pt-cv-custom-fields pt-cv-ctf-_data_inizio_evento\"><div class=\"pt-cv-ctf-value\">09\/06\/2024<\/div><\/div><div class=\"pt-cv-custom-fields pt-cv-ctf-_luogo_evento\"><div class=\"pt-cv-ctf-value\">Il Conventino Caff\u00e8 Letterario, Firenze<\/div><\/div><\/div>\n<div class=\"pt-cv-meta-fields\"><span class=\"terms\"> <a href='https:\/\/aneri.isialab.it\/lungarno\/2024\/' title='2024' class='pt-cv-tax-2024'>2024<\/a>, <a href='https:\/\/aneri.isialab.it\/lungarno\/eventi\/' title='Eventi' class='pt-cv-tax-eventi'>Eventi<\/a><\/span><span> | <\/span><span class=\"author\"> <a href=\"https:\/\/aneri.isialab.it\/lungarno\/author\/maria-pia\/\" rel=\"author\">Maria Pia Cilenti<\/a><\/span><\/div><\/div><\/div><\/div>\n<\/div><\/div> <\/div> <style>\n\n#pt-cv-view-bn6kxxg1 .pt-cv-content-item { border-style: none; }#pt-cv-view-bn6kxxg1 .pt-cv-meta-fields {  }#pt-cv-view-bn6kxxg1 .pt-cv-meta-fields * { font-size: 13px; }#pt-cv-view-bn6kxxg1 .pt-cv-title a { display: block; }#pt-cv-view-bn6kxxg1 .pt-cv-title:not(.pt-cv-titlesm) a { font-weight: 600;text-decoration: none;font-size: 20px; }#pt-cv-view-bn6kxxg1 .pt-cv-titlesm a { font-weight: 600;font-size: 18px; }#pt-cv-view-bn6kxxg1 .pt-cv-content { font-family: \"Share\";font-size: 15px; }#pt-cv-view-bn6kxxg1 .pt-cv-rmwrap {  }#pt-cv-view-bn6kxxg1 .pt-cv-readmore { color: #fff;background-color: #0075ff;font-size: 14px; }#pt-cv-view-bn6kxxg1 .pt-cv-taxoterm {  }#pt-cv-view-bn6kxxg1 .pt-cv-taxoterm * { color: #222;background-color: #fff6f6;font-size: 14px; }#pt-cv-view-bn6kxxg1 + .pt-cv-pagination-wrapper {  }#pt-cv-view-bn6kxxg1 + .pt-cv-pagination-wrapper a { font-size: 14px; }.cvp-live-filter[data-sid='bn6kxxg1'] .cvp-label { color: #000000; }.cvp-live-filter[data-sid='bn6kxxg1'] input[type=radio]:checked~div { color: #000000;background-color: #98ff8b; }\n@media all and (max-width: 1024px) { \n\n} \n@media all and (max-width: 767px) { \n\n} <\/style><link href='\/\/fonts.googleapis.com\/css?family=Share' rel='stylesheet' type='text\/css'><\/div>\n<\/div>\n","protected":false},"excerpt":{"rendered":"<p>A FIRENZE NON C\u2019\u00c8 MAI NIENTE DA FARE? NON SOLO UN MAGAZINE! Lungarno non \u00e8 solo un magazine ma un [&hellip;]<\/p>\n","protected":false},"author":1,"featured_media":0,"parent":0,"menu_order":0,"comment_status":"closed","ping_status":"closed","template":"","meta":{"_acf_changed":false,"inline_featured_image":false,"_uag_custom_page_level_css":"","site-sidebar-layout":"default","site-content-layout":"","ast-site-content-layout":"","site-content-style":"default","site-sidebar-style":"default","ast-global-header-display":"","ast-banner-title-visibility":"","ast-main-header-display":"","ast-hfb-above-header-display":"","ast-hfb-below-header-display":"","ast-hfb-mobile-header-display":"","site-post-title":"disabled","ast-breadcrumbs-content":"","ast-featured-img":"","footer-sml-layout":"","theme-transparent-header-meta":"","adv-header-id-meta":"","stick-header-meta":"","header-above-stick-meta":"","header-main-stick-meta":"","header-below-stick-meta":"","astra-migrate-meta-layouts":"default","ast-page-background-enabled":"default","ast-page-background-meta":{"desktop":{"background-color":"var(--ast-global-color-4)","background-image":"","background-repeat":"repeat","background-position":"center center","background-size":"auto","background-attachment":"scroll","background-type":"","background-media":"","overlay-type":"","overlay-color":"","overlay-opacity":"","overlay-gradient":""},"tablet":{"background-color":"","background-image":"","background-repeat":"repeat","background-position":"center center","background-size":"auto","background-attachment":"scroll","background-type":"","background-media":"","overlay-type":"","overlay-color":"","overlay-opacity":"","overlay-gradient":""},"mobile":{"background-color":"","background-image":"","background-repeat":"repeat","background-position":"center center","background-size":"auto","background-attachment":"scroll","background-type":"","background-media":"","overlay-type":"","overlay-color":"","overlay-opacity":"","overlay-gradient":""}},"ast-content-background-meta":{"desktop":{"background-color":"var(--ast-global-color-5)","background-image":"","background-repeat":"repeat","background-position":"center center","background-size":"auto","background-attachment":"scroll","background-type":"","background-media":"","overlay-type":"","overlay-color":"","overlay-opacity":"","overlay-gradient":""},"tablet":{"background-color":"var(--ast-global-color-5)","background-image":"","background-repeat":"repeat","background-position":"center center","background-size":"auto","background-attachment":"scroll","background-type":"","background-media":"","overlay-type":"","overlay-color":"","overlay-opacity":"","overlay-gradient":""},"mobile":{"background-color":"var(--ast-global-color-5)","background-image":"","background-repeat":"repeat","background-position":"center center","background-size":"auto","background-attachment":"scroll","background-type":"","background-media":"","overlay-type":"","overlay-color":"","overlay-opacity":"","overlay-gradient":""}},"footnotes":""},"class_list":["post-38","page","type-page","status-publish","hentry"],"acf":[],"yoast_head":"<!-- This site is optimized with the Yoast SEO plugin v23.4 - https:\/\/yoast.com\/wordpress\/plugins\/seo\/ -->\n<title>I nostri eventi<\/title>\n<meta name=\"description\" content=\"Scopri tutti gli eventi di Lungarno a Firenze con la nostra redazione e tantissim* ospiti del mondo dell&#039;editoria, dell&#039;arte e della cultura\" \/>\n<meta name=\"robots\" content=\"index, follow, max-snippet:-1, max-image-preview:large, max-video-preview:-1\" \/>\n<link rel=\"canonical\" href=\"https:\/\/aneri.isialab.it\/lungarno\/i-nostri-eventi\/\" \/>\n<meta property=\"og:locale\" content=\"it_IT\" \/>\n<meta property=\"og:type\" content=\"article\" \/>\n<meta property=\"og:title\" content=\"I nostri eventi\" \/>\n<meta property=\"og:description\" content=\"Scopri tutti gli eventi di Lungarno a Firenze con la nostra redazione e tantissim* ospiti del mondo dell&#039;editoria, dell&#039;arte e della cultura\" \/>\n<meta property=\"og:url\" content=\"https:\/\/aneri.isialab.it\/lungarno\/i-nostri-eventi\/\" \/>\n<meta property=\"og:site_name\" content=\"Lungarno Magazine\" \/>\n<meta property=\"article:publisher\" content=\"https:\/\/www.facebook.com\/lungarnofirenze\/\" \/>\n<meta property=\"article:modified_time\" content=\"2024-09-19T05:53:13+00:00\" \/>\n<meta name=\"twitter:card\" content=\"summary_large_image\" \/>\n<meta name=\"twitter:site\" content=\"@LungarnoFirenze\" \/>\n<meta name=\"twitter:label1\" content=\"Tempo di lettura stimato\" \/>\n\t<meta name=\"twitter:data1\" content=\"1 minuto\" \/>\n<script type=\"application\/ld+json\" class=\"yoast-schema-graph\">{\"@context\":\"https:\/\/schema.org\",\"@graph\":[{\"@type\":\"WebPage\",\"@id\":\"https:\/\/aneri.isialab.it\/lungarno\/i-nostri-eventi\/\",\"url\":\"https:\/\/aneri.isialab.it\/lungarno\/i-nostri-eventi\/\",\"name\":\"I nostri eventi\",\"isPartOf\":{\"@id\":\"https:\/\/aneri.isialab.it\/lungarno\/#website\"},\"datePublished\":\"2024-08-31T16:28:41+00:00\",\"dateModified\":\"2024-09-19T05:53:13+00:00\",\"description\":\"Scopri tutti gli eventi di Lungarno a Firenze con la nostra redazione e tantissim* ospiti del mondo dell'editoria, dell'arte e della cultura\",\"breadcrumb\":{\"@id\":\"https:\/\/aneri.isialab.it\/lungarno\/i-nostri-eventi\/#breadcrumb\"},\"inLanguage\":\"it-IT\",\"potentialAction\":[{\"@type\":\"ReadAction\",\"target\":[\"https:\/\/aneri.isialab.it\/lungarno\/i-nostri-eventi\/\"]}]},{\"@type\":\"BreadcrumbList\",\"@id\":\"https:\/\/aneri.isialab.it\/lungarno\/i-nostri-eventi\/#breadcrumb\",\"itemListElement\":[{\"@type\":\"ListItem\",\"position\":1,\"name\":\"Home\",\"item\":\"https:\/\/aneri.isialab.it\/lungarno\/\"},{\"@type\":\"ListItem\",\"position\":2,\"name\":\"I nostri eventi\"}]},{\"@type\":\"WebSite\",\"@id\":\"https:\/\/aneri.isialab.it\/lungarno\/#website\",\"url\":\"https:\/\/aneri.isialab.it\/lungarno\/\",\"name\":\"Lungarno Magazine\",\"description\":\"\",\"publisher\":{\"@id\":\"https:\/\/aneri.isialab.it\/lungarno\/#organization\"},\"potentialAction\":[{\"@type\":\"SearchAction\",\"target\":{\"@type\":\"EntryPoint\",\"urlTemplate\":\"https:\/\/aneri.isialab.it\/lungarno\/?s={search_term_string}\"},\"query-input\":{\"@type\":\"PropertyValueSpecification\",\"valueRequired\":true,\"valueName\":\"search_term_string\"}}],\"inLanguage\":\"it-IT\"},{\"@type\":\"Organization\",\"@id\":\"https:\/\/aneri.isialab.it\/lungarno\/#organization\",\"name\":\"Lungarno Magazine\",\"url\":\"https:\/\/aneri.isialab.it\/lungarno\/\",\"logo\":{\"@type\":\"ImageObject\",\"inLanguage\":\"it-IT\",\"@id\":\"https:\/\/aneri.isialab.it\/lungarno\/#\/schema\/logo\/image\/\",\"url\":\"https:\/\/aneri.isialab.it\/lungarno\/wp-content\/uploads\/2024\/08\/Lungarno-nero.png\",\"contentUrl\":\"https:\/\/aneri.isialab.it\/lungarno\/wp-content\/uploads\/2024\/08\/Lungarno-nero.png\",\"width\":563,\"height\":109,\"caption\":\"Lungarno Magazine\"},\"image\":{\"@id\":\"https:\/\/aneri.isialab.it\/lungarno\/#\/schema\/logo\/image\/\"},\"sameAs\":[\"https:\/\/www.facebook.com\/lungarnofirenze\/\",\"https:\/\/x.com\/LungarnoFirenze\",\"https:\/\/www.instagram.com\/lungarnofirenze\/\"]}]}<\/script>\n<!-- \/ Yoast SEO plugin. -->","yoast_head_json":{"title":"I nostri eventi","description":"Scopri tutti gli eventi di Lungarno a Firenze con la nostra redazione e tantissim* ospiti del mondo dell'editoria, dell'arte e della cultura","robots":{"index":"index","follow":"follow","max-snippet":"max-snippet:-1","max-image-preview":"max-image-preview:large","max-video-preview":"max-video-preview:-1"},"canonical":"https:\/\/aneri.isialab.it\/lungarno\/i-nostri-eventi\/","og_locale":"it_IT","og_type":"article","og_title":"I nostri eventi","og_description":"Scopri tutti gli eventi di Lungarno a Firenze con la nostra redazione e tantissim* ospiti del mondo dell'editoria, dell'arte e della cultura","og_url":"https:\/\/aneri.isialab.it\/lungarno\/i-nostri-eventi\/","og_site_name":"Lungarno Magazine","article_publisher":"https:\/\/www.facebook.com\/lungarnofirenze\/","article_modified_time":"2024-09-19T05:53:13+00:00","twitter_card":"summary_large_image","twitter_site":"@LungarnoFirenze","twitter_misc":{"Tempo di lettura stimato":"1 minuto"},"schema":{"@context":"https:\/\/schema.org","@graph":[{"@type":"WebPage","@id":"https:\/\/aneri.isialab.it\/lungarno\/i-nostri-eventi\/","url":"https:\/\/aneri.isialab.it\/lungarno\/i-nostri-eventi\/","name":"I nostri eventi","isPartOf":{"@id":"https:\/\/aneri.isialab.it\/lungarno\/#website"},"datePublished":"2024-08-31T16:28:41+00:00","dateModified":"2024-09-19T05:53:13+00:00","description":"Scopri tutti gli eventi di Lungarno a Firenze con la nostra redazione e tantissim* ospiti del mondo dell'editoria, dell'arte e della cultura","breadcrumb":{"@id":"https:\/\/aneri.isialab.it\/lungarno\/i-nostri-eventi\/#breadcrumb"},"inLanguage":"it-IT","potentialAction":[{"@type":"ReadAction","target":["https:\/\/aneri.isialab.it\/lungarno\/i-nostri-eventi\/"]}]},{"@type":"BreadcrumbList","@id":"https:\/\/aneri.isialab.it\/lungarno\/i-nostri-eventi\/#breadcrumb","itemListElement":[{"@type":"ListItem","position":1,"name":"Home","item":"https:\/\/aneri.isialab.it\/lungarno\/"},{"@type":"ListItem","position":2,"name":"I nostri eventi"}]},{"@type":"WebSite","@id":"https:\/\/aneri.isialab.it\/lungarno\/#website","url":"https:\/\/aneri.isialab.it\/lungarno\/","name":"Lungarno Magazine","description":"","publisher":{"@id":"https:\/\/aneri.isialab.it\/lungarno\/#organization"},"potentialAction":[{"@type":"SearchAction","target":{"@type":"EntryPoint","urlTemplate":"https:\/\/aneri.isialab.it\/lungarno\/?s={search_term_string}"},"query-input":{"@type":"PropertyValueSpecification","valueRequired":true,"valueName":"search_term_string"}}],"inLanguage":"it-IT"},{"@type":"Organization","@id":"https:\/\/aneri.isialab.it\/lungarno\/#organization","name":"Lungarno Magazine","url":"https:\/\/aneri.isialab.it\/lungarno\/","logo":{"@type":"ImageObject","inLanguage":"it-IT","@id":"https:\/\/aneri.isialab.it\/lungarno\/#\/schema\/logo\/image\/","url":"https:\/\/aneri.isialab.it\/lungarno\/wp-content\/uploads\/2024\/08\/Lungarno-nero.png","contentUrl":"https:\/\/aneri.isialab.it\/lungarno\/wp-content\/uploads\/2024\/08\/Lungarno-nero.png","width":563,"height":109,"caption":"Lungarno Magazine"},"image":{"@id":"https:\/\/aneri.isialab.it\/lungarno\/#\/schema\/logo\/image\/"},"sameAs":["https:\/\/www.facebook.com\/lungarnofirenze\/","https:\/\/x.com\/LungarnoFirenze","https:\/\/www.instagram.com\/lungarnofirenze\/"]}]}},"uagb_featured_image_src":{"full":false,"thumbnail":false,"medium":false,"medium_large":false,"large":false,"1536x1536":false,"2048x2048":false},"uagb_author_info":{"display_name":"Maria Pia Cilenti","author_link":"https:\/\/aneri.isialab.it\/lungarno\/author\/maria-pia\/"},"uagb_comment_info":0,"uagb_excerpt":"A FIRENZE NON C\u2019\u00c8 MAI NIENTE DA FARE? NON SOLO UN MAGAZINE! Lungarno non \u00e8 solo un magazine ma un [&hellip;]","_links":{"self":[{"href":"https:\/\/aneri.isialab.it\/lungarno\/wp-json\/wp\/v2\/pages\/38","targetHints":{"allow":["GET"]}}],"collection":[{"href":"https:\/\/aneri.isialab.it\/lungarno\/wp-json\/wp\/v2\/pages"}],"about":[{"href":"https:\/\/aneri.isialab.it\/lungarno\/wp-json\/wp\/v2\/types\/page"}],"author":[{"embeddable":true,"href":"https:\/\/aneri.isialab.it\/lungarno\/wp-json\/wp\/v2\/users\/1"}],"replies":[{"embeddable":true,"href":"https:\/\/aneri.isialab.it\/lungarno\/wp-json\/wp\/v2\/comments?post=38"}],"version-history":[{"count":45,"href":"https:\/\/aneri.isialab.it\/lungarno\/wp-json\/wp\/v2\/pages\/38\/revisions"}],"predecessor-version":[{"id":1587,"href":"https:\/\/aneri.isialab.it\/lungarno\/wp-json\/wp\/v2\/pages\/38\/revisions\/1587"}],"wp:attachment":[{"href":"https:\/\/aneri.isialab.it\/lungarno\/wp-json\/wp\/v2\/media?parent=38"}],"curies":[{"name":"wp","href":"https:\/\/api.w.org\/{rel}","templated":true}]}}